
-84
Let z(b) = -3*b + 7. Determine z(3).
-2
Let y(k) = k**3 + 2*k**2 - 3*k + 6. Give y(-6).
-120
Let k(h) = -h**3 + 4*h**2 - h + 7. Determine k(5).
-23
Let j(o) = o + 14. What is j(-8)?
6
Let f(g) = 5*g + 4. Give f(7).
39
Let v(j) = j**2 - 4*j + 6. Determine v(4).
6
Let y(w) = -w**2 - 27*w - 173. Give y(-17).
-3
Let j(g) = g**3 + 11*g**2 + 2*g + 16. Determine j(-11).
-6
Let x(h) = -h + 16. Determine x(10).
6
Let d(h) = -5*h - 30. What is d(-8)?
10
Let b(m) = 12*m**3 - m**2 - 4. What is b(-2)?
-104
Let u(v) = -2*v**3 + 29*v**2 - 17*v + 3. Give u(14).
-39
Let x(f) = -2*f**2 - 6*f + 16. Give x(4).
-40
Let r(v) = v**3 + 50*v**2 - 108*v - 202. Calculate r(-52).
6
Let a(c) = c**2 - 23*c - 40. Give a(-2).
10
Let m(u) = -u**2 - u + 46. What is m(8)?
-26
Let f(p) = p**3 + 15*p**2 + 13*p + 21. Calculate f(-14).
35
Let x(t) = t**3 - 13*t**2 - 37*t + 41. Calculate x(15).
-64
Let i(s) = s**2 + 12*s + 13. Determine i(-11).
2
Let z(d) = 3*d - 146. Give z(50).
4
Let r(p) = 7*p**2 - 3*p + 2. Calculate r(1).
6
Let n(d) = 2*d**2 + 8*d + 8. Determine n(-1).
2
Let n(t) = -8*t**2 + 9*t - 6. Give n(1).
-5
Let c(p) = -p**2 - 38*p - 30. What is c(-37)?
7
Let k(z) = 2*z + 3. What is k(4)?
11
Let j(o) = -o**3 + 7*o**2 + 9*o + 16. Determine j(8).
24
Let y(w) = -w**2 - 8*w - 4. What is y(-3)?
11
Let v(j) = -4*j - 1. Give v(6).
-25
Let a(b) = 5*b**2 + 5*b + 7. Determine a(-3).
37
Let y(h) = 19*h - 124. Give y(6).
-10
Let x(q) = q**3 - 21*q**2 + 3*q - 29. What is x(21)?
34
Let z(y) = y**3 - 34*y**2 + 4*y - 136. What is z(34)?
0
Let l(c) = -3*c + 5. Determine l(1).
2
Let u(r) = -r**3 - 16*r**2 - 3*r - 15. Calculate u(-16).
33
Let b(r) = -38*r**2 - 2*r + 1. Determine b(1).
-39
Let d(f) = -3*f - 1. What is d(-13)?
38
Let v(r) = -3*r + 2. Give v(-2).
8
Let z(q) = -q**2 + 12*q + 73. Determine z(-6).
-35
Let j(h) = -5*h + 50. What is j(14)?
-20
Let n(g) = -g**2 + 12*g - 21. What is n(9)?
6
Let l(s) = 4*s + 16. What is l(-18)?
-56
Let d(j) = -2*j + 48. Give d(15).
18
Let t(l) = l**2 - 3*l - 7. What is t(7)?
21
Let d(b) = b**2 - 5*b + 11. What is d(8)?
35
Let y(l) = l**3 + 8*l**2 - 16*l - 40. Give y(-9).
23
Let g(x) = x**2 - 4*x + 4. Determine g(5).
9
Let y(w) = w**2 + 4*w + 4. What is y(-1)?
1
Let q(c) = -4*c**2 - 9*c - 15. What is q(-6)?
-105
Let v(w) = -9*w + 29. Determine v(0).
29
Let k(q) = 3*q**2 + 2*q - 3. What is k(2)?
13
Let i(m) = m**3 - 6*m**2 + m + 21. What is i(4)?
-7
Let n(q) = -29*q**2 - 3*q - 2. What is n(-1)?
-28
Let y(h) = -6*h - 2. Give y(4).
-26
Let r(h) = 20*h**2 + 28*h - 26. What is r(1)?
22
Let q(x) = -x**3 - 20*x**2 - 12. Calculate q(-20).
-12
Let d(w) = w - 9. Determine d(11).
2
Let s(x) = x**2 + 32*x + 54. Give s(-30).
-6
Let j(q) = 32*q - 564. What is j(18)?
12
Let b(s) = s**3 + 9*s**2 + 10*s - 2. Calculate b(-2).
6
Let m(k) = -29*k**3 + k + 1. Give m(-1).
29
Let v(u) = -3*u**2 - 19*u - 50. What is v(-3)?
-20
Let r(z) = -z**2 + 37*z + 264. Determine r(43).
6
Let b(v) = -v**2 + 12*v - 16. Give b(10).
4
Let b(y) = 2*y**3 + 3*y**2 - 7*y + 5. Give b(1).
3
Let j(a) = a**3 - 4*a**2 - 2*a + 6. Determine j(4).
-2
Let f(i) = -3*i + 33. Calculate f(11).
0
Let b(t) = -t**3 + 13*t**2 - 11*t - 10. Determine b(12).
2
Let c(u) = 12*u + 8. Determine c(0).
8
Let r(j) = j**2 - 6*j + 16. What is r(5)?
11
Let h(k) = -k**2 + 3*k + 6. Calculate h(8).
-34
Let a(m) = m**3 - 9*m**2 - 10*m - 16. Calculate a(11).
116
Let q(w) = w**3 - 24*w**2 + 38*w + 119. Calculate q(22).
-13
Let d(p) = -p + 34. Calculate d(14).
20
Let a(k) = 2*k + 35. What is a(17)?
69
Let b(u) = -2*u**2 - 2*u + 1. What is b(-5)?
-39
Let b(n) = -n**2 - 13*n - 9. Calculate b(-13).
-9
Let v(s) = -s**3 + 6*s**2 + 16*s - 7. Give v(8).
-7
Let y(d) = -d**3 + 11*d**2 + d - 12. Determine y(11).
-1
Let y(a) = 3*a. Calculate y(-4).
-12
Let k(o) = -2*o - 38. Calculate k(-7).
-24
Let h(l) = -l**2 + 8. Give h(7).
-41
Let g(m) = m**3 - m**2 - 2*m - 4. What is g(0)?
-4
Let b(r) = -r**2 + r - 8. Calculate b(0).
-8
Let m(o) = -8*o + 3. Determine m(-2).
19
Let s(p) = p**2 - 100*p + 566. What is s(6)?
2
Let u(g) = g**3 - 5*g**2 - 40. Give u(5).
-40
Let f(m) = -m**2 - m + 22. Determine f(-6).
-8
Let b(h) = -h**3 - 9*h**2 - 8*h + 7. Determine b(-8).
7
Let l(b) = -b**3 - 7*b**2 - 4*b + 1. Give l(-6).
-11
Let u(m) = -10*m + 12. Determine u(7).
-58
Let m(i) = -5*i**2 - 2*i - 3. Determine m(-1).
-6
Let s(b) = 2*b**2 - 7. What is s(4)?
25
Let q(d) = 4*d**2 - 9*d + 21. Determine q(4).
49
Let a(h) = -h + 14. What is a(27)?
-13
Let x(g) = -g + 45. Give x(17).
28
Let o(r) = -r + 20. What is o(16)?
4
Let w(f) = -5*f - 4. Calculate w(4).
-24
Let t(j) = -2*j**2 - 2*j - 10. Determine t(0).
-10
Let i(z) = -z**2 + 9*z - 1. What is i(9)?
-1
Let h(r) = 7*r**2 - 5*r + 5. What is h(1)?
7
Let k(i) = 10*i + 17. What is k(-2)?
-3
Let j(n) = n**3 + 8*n**2 - 4*n + 2. Calculate j(-8).
34
Let h(q) = -q**2 - 7*q + 6. Calculate h(-9).
-12
Let y(z) = -z**2 + z + 19. What is y(0)?
19
Let t(x) = x + 3. Calculate t(-6).
-3
Let l(f) = -3*f + 29. Calculate l(7).
8
Let j(n) = n**3 - 17*n**2 + 12. What is j(17)?
12
Let m(t) = -t**2 - 33*t - 107. Calculate m(-29).
9
Let w(d) = 8*d + 20. Calculate w(-3).
-4
Let b(g) = g**2 + 6*g - 6. Determine b(-5).
-11
Let g(f) = f**2 - f - 1. Determine g(6).
29
Let j(l) = 9*l + 75. What is j(-10)?
-15
Let w(n) = -n**3 - 4*n**2 + 8*n - 23. Determine w(-6).
1
Let y(a) = 3*a**3 + 2*a**2 + 4*a + 5. Determine y(-2).
-19
Let h(y) = -y**3 + 9*y**2 - 10*y + 4. Calculate h(7).
32
Let z(i) = -i**2 - 12*i - 7. Calculate z(-11).
4
Let b(h) = -h**2 + 34*h - 279. Determine b(16).
9
Let g(j) = -j + 31. Give g(0).
31
Let z(o) = o**2 - o - 1. What is z(-1)?
1
Let n(d) = 11*d - 43. Give n(9).
56
Let m(x) = -x**3 - 5*x**2 + x + 4. Calculate m(-5).
-1
Let f(t) = t**3 - 5*t**2 - 2*t + 3. Calculate f(5).
-7
Let o(s) = s**3 + 2*s**2 - 8*s. Calculate o(-4).
0
Let w(y) = -2*y**2 - 85*y + 215. Determine w(-45).
-10
Let j(u) = 17*u + 217. Give j(-13).
-4
Let i(g) = -7*g**2 - 3*g - 3. Give i(-2).
-25
Let b(f) = f**2 - 14*f + 21. What is b(12)?
-3
Let t(u) = -4*u**2 + 6*u - 5. What is t(3)?
-23
Let t(p) = -2*p**2 + 12*p + 9. Calculate t(9).
-45
Let a(o) = -o**2 - 10*o - 1. What is a(-7)?
20
Let m(j) = 4*j - 5. What is m(-4)?
-21
Let z(p) = -2*p**3 + 2*p**2 - p. Determine z(1).
-1
Let h(x) = x + 24. Calculate h(-20).
4
Let i(u) = -u**3 + 19*u**2 + 19*u + 16. Give i(20).
-4
Let t(n) = -n**2 - 2*n + 13. Calculate t(3).
-2
Let h(t) = -t**2 - 19*t - 71. Determine h(-14).
-1
Let h(o) = -o**2 + o + 17. Determine h(0).
17
Let k(w) = -2*w**3 + 2*w**2 + 2*w. Give k(-2).
20
Let t(j) = 2*j**3 - 9*j**2 - 10*j - 6. Determine t(5).
-31
Let w(q) = -22*q - 270. Give w(-12).
-6
Let l(v) = 3*v**3 + v**2 - 4*v. What is l(-3)?
-60
Let o(i) = i**3 - 15*i**2 + 34*i + 12. What is o(12)?
-12
Let r(b) = 2*b - 15. Calculate r(6).
-3
Let q(x) = x - 10. What is q(-7)?
-17
Let d(w) = -w**2 + 29*w - 75. Calculate d(26).
3
Let v(d) = 5*d - 24. Give v(5).
1
Let z(f) = -2*f**2 - 21*f - 34. What is z(-9)?
-7
Let k(h) = -2*h**3 + 35*h**2 - 17*h + 7. What is k(17)?
7
Let t(v) = -v**3 - 16*v**2 + 32*v + 250. Give t(-17).
-5
Let v(k) = k**3 - 6*k**2 - k - 4. Calculate v(6).
-10
Let t(h) = h**3 - 2*h**2 - 2*h - 5. What is t(3)?
-2
Let m(r) = 62*r**3 - 2*r**2 - 2*r - 1. Give m(-1).
-63
Let r(c) = -c**3 - 9*c**2 - 15*c + 4. Give r(-6).
-14
Let u(g) = 7*g**2 + 3. What is u(2)?
31
Let k(z) = z**3 - 23*z**2 + 41*z + 17. Give k(21).
-4
Let o(l) = -31*l - 118. What is o(-4)?
6
Let i(l) = l**3 + 7*l**2 + 4*l + 9. Determine i(-6).
21
Let f(v) = 18*v + 107. What is f(-7)?
-19
Let l(h) = -h - 31. Calculate l(-8).
-23
Let n(r) = r**3 + 6*r**2 - 3. Give n(-6).
-3
Let y(k) = -k**3 + 3*k**2 - k + 2. Determine y(2).
4
Let g(m) = m**2 - 14*m + 49. What is g(3)?
16
Let a(r) = -r**3 - 7*r**2 - 8*r - 12. Determine a(-6).
0
Let g(b) = 2*b**3 + 2*b**2 + b - 1. What is g(0)?
-1
Let i(v) = -v**2 + 8*v - 6. Give i(6).
6
Let h(g) = -g**2 + 13*g - 28. Determine h(11).
-6
Let g(r) = -2*r**3 + 17*r**2 - 13*r + 32. Give g(8).
-8
Let n(k) = -k**3 + 5*k**2 - 7*k + 5. Give n(3).
2
Let g(w) = -2*w**3 + 4*w - 6. Calculate g(-3).
36
Let m(n) = n**3 - 4*n**2 - 2*n + 14. What is m(4)?
6
Let l(j) = -j**3 + 3*j**2 + 8*j - 20. Give l(6).
-80
Let a(j) = -j**3 + 6*j**2 + 7*j - 6. Calculate a(7).
-6
Let k(v) = -6*v - 138. Determine k(-22).